[INFO] cloning repository https://github.com/astnmsn/rey
[INFO] running `Command { std: "git" "-c" "credential.helper=" "-c" "credential.helper=/workspace/cargo-home/bin/git-credential-null" "clone" "--bare" "https://github.com/astnmsn/rey" "/workspace/cache/git-repos/https%3A%2F%2Fgithub.com%2Fastnmsn%2Frey", kill_on_drop: false }`
[INFO] [stderr] Cloning into bare repository '/workspace/cache/git-repos/https%3A%2F%2Fgithub.com%2Fastnmsn%2Frey'...
[INFO] running `Command { std: "git" "rev-parse" "HEAD", kill_on_drop: false }`
[INFO] [stdout] 7af44e3dda89dd739aee563efba26871dfcc9687
[INFO] checking astnmsn/rey against master#9610dfe5a9a731ced1ea4923ecbd0c57fe367898 for beta-170-4
[INFO] running `Command { std: "git" "clone" "/workspace/cache/git-repos/https%3A%2F%2Fgithub.com%2Fastnmsn%2Frey" "/workspace/builds/worker-6-tc1/source", kill_on_drop: false }`
[INFO] [stderr] Cloning into '/workspace/builds/worker-6-tc1/source'...
[INFO] [stderr] done.
[INFO] validating manifest of git repo https://github.com/astnmsn/rey on toolchain 9610dfe5a9a731ced1ea4923ecbd0c57fe367898
[INFO] running `Command { std: CARGO_HOME="/workspace/cargo-home" RUSTUP_HOME="/workspace/rustup-home" "/workspace/cargo-home/bin/cargo" "+9610dfe5a9a731ced1ea4923ecbd0c57fe367898" "metadata" "--manifest-path" "Cargo.toml" "--no-deps", kill_on_drop: false }`
[INFO] removed /workspace/builds/worker-6-tc1/source/.cargo/config.toml
[INFO] started tweaking git repo https://github.com/astnmsn/rey
[INFO] finished tweaking git repo https://github.com/astnmsn/rey
[INFO] tweaked toml for git repo https://github.com/astnmsn/rey written to /workspace/builds/worker-6-tc1/source/Cargo.toml
[INFO] crate git repo https://github.com/astnmsn/rey already has a lockfile, it will not be regenerated
[INFO] running `Command { std: CARGO_HOME="/workspace/cargo-home" RUSTUP_HOME="/workspace/rustup-home" "/workspace/cargo-home/bin/cargo" "+9610dfe5a9a731ced1ea4923ecbd0c57fe367898" "fetch" "--manifest-path" "Cargo.toml", kill_on_drop: false }`
[INFO] [stderr]     Updating git repository `https://github.com/Brendonovich/prisma-client-rust`
[INFO] [stderr]     Updating crates.io index
[INFO] [stderr]     Updating git repository `https://github.com/Brendonovich/prisma-engines`
[INFO] [stderr]     Updating git repository `https://github.com/prisma/cuid-rust`
[INFO] [stderr]     Updating git repository `https://github.com/prisma/quaint`
[INFO] [stderr]     Updating git repository `https://github.com/prisma/graphql-parser`
[INFO] [stderr]     Updating git repository `https://github.com/prisma/mobc`
[INFO] [stderr]  Downloading crates ...
[INFO] [stderr]   Downloaded serde_path_to_error v0.1.8
[INFO] [stderr]   Downloaded soup2-sys v0.2.0
[INFO] [stderr]   Downloaded cfg-expr v0.9.1
[INFO] [stderr]   Downloaded soup2 v0.2.1
[INFO] [stderr]   Downloaded metrics-util v0.12.1
[INFO] [stderr]   Downloaded serialize-to-javascript-impl v0.1.1
[INFO] [stderr]   Downloaded tauri-macros v1.1.1
[INFO] [stderr]   Downloaded plist v1.3.1
[INFO] [stderr]   Downloaded windows-bindgen v0.39.0
[INFO] [stderr]   Downloaded kuchiki v0.8.1
[INFO] [stderr]   Downloaded metrics v0.19.0
[INFO] [stderr]   Downloaded webview2-com-macros v0.6.0
[INFO] [stderr]   Downloaded system-deps v5.0.0
[INFO] [stderr]   Downloaded webkit2gtk-sys v0.18.0
[INFO] [stderr]   Downloaded os_pipe v1.0.1
[INFO] [stderr]   Downloaded attohttpc v0.22.0
[INFO] [stderr]   Downloaded ico v0.1.0
[INFO] [stderr]   Downloaded mac-notification-sys v0.5.6
[INFO] [stderr]   Downloaded bigdecimal v0.2.2
[INFO] [stderr]   Downloaded tauri v1.1.1
[INFO] [stderr]   Downloaded cfb v0.6.1
[INFO] [stderr]   Downloaded embed_plist v1.2.2
[INFO] [stderr]   Downloaded tauri-build v1.1.1
[INFO] [stderr]   Downloaded jsonrpc-core v17.1.0
[INFO] [stderr]   Downloaded tauri-codegen v1.1.1
[INFO] [stderr]   Downloaded cargo_toml v0.11.7
[INFO] [stderr]   Downloaded sqlformat v0.2.0
[INFO] [stderr]   Downloaded metrics-util v0.13.0
[INFO] [stderr]   Downloaded javascriptcore-rs v0.16.0
[INFO] [stderr]   Downloaded webview2-com v0.19.1
[INFO] [stderr]   Downloaded connection-string v0.1.14
[INFO] [stderr]   Downloaded metrics-exporter-prometheus v0.10.0
[INFO] [stderr]   Downloaded sketches-ddsketch v0.1.3
[INFO] [stderr]   Downloaded metrics v0.18.1
[INFO] [stderr]   Downloaded notify-rust v4.5.8
[INFO] [stderr]   Downloaded serialize-to-javascript v0.1.1
[INFO] [stderr]   Downloaded shared_child v1.0.0
[INFO] [stderr]   Downloaded tauri-runtime v0.11.1
[INFO] [stderr]   Downloaded tauri-runtime-wry v0.11.1
[INFO] [stderr]   Downloaded javascriptcore-rs-sys v0.4.0
[INFO] [stderr]   Downloaded webkit2gtk v0.18.0
[INFO] [stderr]   Downloaded tauri-utils v1.1.1
[INFO] [stderr]   Downloaded rusqlite v0.25.4
[INFO] [stderr]   Downloaded atomic-shim v0.2.0
[INFO] [stderr]   Downloaded raw-cpuid v10.6.0
[INFO] [stderr]   Downloaded lsp-types v0.91.1
[INFO] [stderr]   Downloaded metrics-macros v0.5.1
[INFO] [stderr]   Downloaded infer v0.7.0
[INFO] [stderr]   Downloaded tao v0.14.0
[INFO] [stderr]   Downloaded wry v0.21.1
[INFO] [stderr]   Downloaded webview2-com-sys v0.19.0
[INFO] [stderr]   Downloaded windows-metadata v0.39.0
[INFO] running `Command { std: "docker" "create" "-v" "/var/lib/crater-agent-workspace/builds/worker-6-tc1/target:/opt/rustwide/target:rw,Z" "-v" "/var/lib/crater-agent-workspace/builds/worker-6-tc1/source:/opt/rustwide/workdir:ro,Z" "-v" "/var/lib/crater-agent-workspace/cargo-home:/opt/rustwide/cargo-home:ro,Z" "-v" "/var/lib/crater-agent-workspace/rustup-home:/opt/rustwide/rustup-home:ro,Z" "-e" "SOURCE_DIR=/opt/rustwide/workdir" "-e" "CARGO_TARGET_DIR=/opt/rustwide/target" "-e" "CARGO_HOME=/opt/rustwide/cargo-home" "-e" "RUSTUP_HOME=/opt/rustwide/rustup-home" "-w" "/opt/rustwide/workdir" "-m" "1610612736" "--user" "0:0" "--network" "none" "ghcr.io/rust-lang/crates-build-env/linux@sha256:19e73879b68f455e41552ea35293514db52ea292d993f571636dbffedb77a1ee" "/opt/rustwide/cargo-home/bin/cargo" "+9610dfe5a9a731ced1ea4923ecbd0c57fe367898" "metadata" "--no-deps" "--format-version=1", kill_on_drop: false }`
[INFO] [stdout] 93d9ce946f2bc233f438149cfab41da7cdf20325bdc2e816c028e25d761d6c2a
[INFO] running `Command { std: "docker" "start" "-a" "93d9ce946f2bc233f438149cfab41da7cdf20325bdc2e816c028e25d761d6c2a", kill_on_drop: false }`
[INFO] running `Command { std: "docker" "inspect" "93d9ce946f2bc233f438149cfab41da7cdf20325bdc2e816c028e25d761d6c2a", kill_on_drop: false }`
[INFO] running `Command { std: "docker" "rm" "-f" "93d9ce946f2bc233f438149cfab41da7cdf20325bdc2e816c028e25d761d6c2a", kill_on_drop: false }`
[INFO] [stdout] 93d9ce946f2bc233f438149cfab41da7cdf20325bdc2e816c028e25d761d6c2a
[INFO] running `Command { std: "docker" "create" "-v" "/var/lib/crater-agent-workspace/builds/worker-6-tc1/target:/opt/rustwide/target:rw,Z" "-v" "/var/lib/crater-agent-workspace/builds/worker-6-tc1/source:/opt/rustwide/workdir:ro,Z" "-v" "/var/lib/crater-agent-workspace/cargo-home:/opt/rustwide/cargo-home:ro,Z" "-v" "/var/lib/crater-agent-workspace/rustup-home:/opt/rustwide/rustup-home:ro,Z" "-e" "SOURCE_DIR=/opt/rustwide/workdir" "-e" "CARGO_TARGET_DIR=/opt/rustwide/target" "-e" "CARGO_INCREMENTAL=0" "-e" "RUST_BACKTRACE=full" "-e" "RUSTFLAGS=--cap-lints=forbid" "-e" "RUSTDOCFLAGS=--cap-lints=forbid" "-e" "CARGO_HOME=/opt/rustwide/cargo-home" "-e" "RUSTUP_HOME=/opt/rustwide/rustup-home" "-w" "/opt/rustwide/workdir" "-m" "1610612736" "--user" "0:0" "--network" "none" "ghcr.io/rust-lang/crates-build-env/linux@sha256:19e73879b68f455e41552ea35293514db52ea292d993f571636dbffedb77a1ee" "/opt/rustwide/cargo-home/bin/cargo" "+9610dfe5a9a731ced1ea4923ecbd0c57fe367898" "check" "--frozen" "--all" "--all-targets" "--message-format=json", kill_on_drop: false }`
[INFO] [stdout] 092d586fbbcff8b74d80f2297415bbd3facb4528c822d42e4db92be1f03f6840
[INFO] running `Command { std: "docker" "start" "-a" "092d586fbbcff8b74d80f2297415bbd3facb4528c822d42e4db92be1f03f6840", kill_on_drop: false }`
[INFO] [stderr]    Compiling proc-macro2 v1.0.43
[INFO] [stderr]    Compiling unicode-ident v1.0.4
[INFO] [stderr]    Compiling syn v1.0.100
[INFO] [stderr]    Compiling libc v0.2.133
[INFO] [stderr]    Compiling serde_derive v1.0.144
[INFO] [stderr]    Compiling serde v1.0.144
[INFO] [stderr]    Compiling quote v1.0.21
[INFO] [stderr]    Compiling smallvec v1.9.0
[INFO] [stderr]    Compiling thiserror v1.0.35
[INFO] [stderr]    Compiling memchr v2.5.0
[INFO] [stderr]    Compiling getrandom v0.1.16
[INFO] [stderr]    Compiling cfg-expr v0.10.3
[INFO] [stderr]    Compiling version-compare v0.1.0
[INFO] [stderr]    Compiling once_cell v1.15.0
[INFO] [stderr]    Compiling log v0.4.17
[INFO] [stderr]    Compiling indexmap v1.9.1
[INFO] [stderr]    Compiling futures-core v0.3.24
[INFO] [stderr]     Checking itoa v1.0.3
[INFO] [stderr]    Compiling futures-task v0.3.24
[INFO] [stderr]     Checking getrandom v0.2.7
[INFO] [stderr]     Checking futures-sink v0.3.24
[INFO] [stderr]    Compiling futures-channel v0.3.24
[INFO] [stderr]    Compiling futures-util v0.3.24
[INFO] [stderr]     Checking futures-io v0.3.24
[INFO] [stderr]    Compiling serde_json v1.0.85
[INFO] [stderr]     Checking ahash v0.7.6
[INFO] [stderr]    Compiling ucd-trie v0.1.5
[INFO] [stderr]    Compiling ppv-lite86 v0.2.16
[INFO] [stderr]    Compiling siphasher v0.3.10
[INFO] [stderr]     Checking hashbrown v0.12.3
[INFO] [stderr]    Compiling num-traits v0.2.15
[INFO] [stderr]    Compiling anyhow v1.0.65
[INFO] [stderr]    Compiling rand_core v0.5.1
[INFO] [stderr]    Compiling phf_shared v0.8.0
[INFO] [stderr]     Checking num_cpus v1.13.1
[INFO] [stderr]    Compiling num-integer v0.1.45
[INFO] [stderr]    Compiling rand_chacha v0.2.2
[INFO] [stderr]    Compiling rand_pcg v0.2.1
[INFO] [stderr]    Compiling rand v0.7.3
[INFO] [stderr]     Checking tracing-core v0.1.29
[INFO] [stderr]    Compiling tokio v1.21.1
[INFO] [stderr]     Checking either v1.8.0
[INFO] [stderr]    Compiling proc-macro-hack v0.5.19
[INFO] [stderr]    Compiling typenum v1.15.0
[INFO] [stderr]     Checking mio v0.8.4
[INFO] [stderr]     Checking socket2 v0.4.7
[INFO] [stderr]     Checking aho-corasick v0.7.19
[INFO] [stderr]    Compiling num-bigint v0.3.3
[INFO] [stderr]     Checking regex-syntax v0.6.27
[INFO] [stderr]    Compiling phf_generator v0.8.0
[INFO] [stderr]    Compiling rand_core v0.6.4
[INFO] [stderr]     Checking time v0.1.43
[INFO] [stderr]     Checking iana-time-zone v0.1.48
[INFO] [stderr]    Compiling phf_shared v0.10.0
[INFO] [stderr]    Compiling rand_chacha v0.3.1
[INFO] [stderr]     Checking atty v0.2.14
[INFO] [stderr]    Compiling crossbeam-utils v0.8.11
[INFO] [stderr]     Checking colored v2.0.0
[INFO] [stderr]    Compiling rand v0.8.5
[INFO] [stderr]     Checking base64 v0.12.3
[INFO] [stderr]    Compiling phf_codegen v0.8.0
[INFO] [stderr]     Checking itertools v0.10.5
[INFO] [stderr]     Checking connection-string v0.1.14
[INFO] [stderr]    Compiling unicode-segmentation v1.10.0
[INFO] [stderr]     Checking cfg-if v0.1.10
[INFO] [stderr]     Checking adler v1.0.2
[INFO] [stderr]     Checking parking_lot_core v0.7.2
[INFO] [stderr]     Checking miniz_oxide v0.5.4
[INFO] [stderr]    Compiling phf_generator v0.10.0
[INFO] [stderr]    Compiling heck v0.3.3
[INFO] [stderr]     Checking lock_api v0.3.4
[INFO] [stderr]     Checking thread_local v1.1.4
[INFO] [stderr]    Compiling memoffset v0.6.5
[INFO] [stderr]    Compiling indoc v1.0.7
[INFO] [stderr]     Checking parking_lot v0.10.2
[INFO] [stderr]     Checking regex v1.6.0
[INFO] [stderr]     Checking hashbrown v0.11.2
[INFO] [stderr]     Checking hostname v0.1.5
[INFO] [stderr]    Compiling async-trait v0.1.57
[INFO] [stderr]    Compiling proc-macro-error-attr v1.0.4
[INFO] [stderr]     Checking tracing-log v0.1.3
[INFO] [stderr]    Compiling backtrace v0.3.66
[INFO] [stderr]     Checking sharded-slab v0.1.4
[INFO] [stderr]     Checking ansi_term v0.12.1
[INFO] [stderr]    Compiling metrics v0.18.1
[INFO] [stderr]    Compiling datamodel v0.1.0 (https://github.com/Brendonovich/prisma-engines?rev=06a1b97ff1ca597521ec9f3d10c1e274065f5e93#06a1b97f)
[INFO] [stderr]     Checking cuid v0.1.0 (https://github.com/prisma/cuid-rust?rev=4ffb2e47c772af62fed3ddc92bb7fc444d19e159#4ffb2e47)
[INFO] [stderr]     Checking http v0.2.8
[INFO] [stderr]    Compiling string_cache_codegen v0.5.2
[INFO] [stderr]     Checking parking_lot_core v0.9.3
[INFO] [stderr]    Compiling libsqlite3-sys v0.22.2
[INFO] [stderr]    Compiling crc32fast v1.3.2
[INFO] [stderr]     Checking parking_lot v0.12.1
[INFO] [stderr]     Checking tracing-subscriber v0.3.15
[INFO] [stderr]    Compiling proc-macro-error v1.0.4
[INFO] [stderr]     Checking minimal-lexical v0.2.1
[INFO] [stderr]    Compiling markup5ever v0.10.1
[INFO] [stderr]     Checking nom v7.1.1
[INFO] [stderr]     Checking hashlink v0.7.0
[INFO] [stderr]    Compiling cfg-expr v0.9.1
[INFO] [stderr]     Checking instant v0.1.12
[INFO] [stderr]    Compiling fnv v1.0.7
[INFO] [stderr]    Compiling ident_case v1.0.1
[INFO] [stderr]     Checking futures-timer v3.0.2
[INFO] [stderr]     Checking byteorder v1.4.3
[INFO] [stderr]    Compiling version-compare v0.0.11
[INFO] [stderr]     Checking fallible-streaming-iterator v0.1.9
[INFO] [stderr]     Checking unicode_categories v0.1.1
[INFO] [stderr]     Checking fallible-iterator v0.2.0
[INFO] [stderr]    Compiling strsim v0.10.0
[INFO] [stderr]    Compiling selectors v0.22.0
[INFO] [stderr]    Compiling openssl-sys v0.9.75
[INFO] [stderr]    Compiling darling_core v0.13.4
[INFO] [stderr]     Checking gimli v0.26.2
[INFO] [stderr]    Compiling convert_case v0.4.0
[INFO] [stderr]     Checking hex v0.4.3
[INFO] [stderr]     Checking crossbeam-channel v0.5.6
[INFO] [stderr]     Checking object v0.29.0
[INFO] [stderr]     Checking rustc-demangle v0.1.21
[INFO] [stderr]     Checking sqlformat v0.2.0
[INFO] [stderr]    Compiling new_debug_unreachable v1.0.4
[INFO] [stderr]    Compiling scopeguard v1.1.0
[INFO] [stderr]    Compiling parking_lot_core v0.8.5
[INFO] [stderr]    Compiling lock_api v0.4.9
[INFO] [stderr]    Compiling crossbeam-epoch v0.9.10
[INFO] [stderr]    Compiling mac v0.1.1
[INFO] [stderr]    Compiling bitflags v1.3.2
[INFO] [stderr]    Compiling gio v0.15.12
[INFO] [stderr]     Checking addr2line v0.17.0
[INFO] [stderr]    Compiling precomputed-hash v0.1.1
[INFO] [stderr]    Compiling openssl v0.10.41
[INFO] [stderr]    Compiling thiserror-impl v1.0.35
[INFO] [stderr]    Compiling futures-macro v0.3.24
[INFO] [stderr]    Compiling tokio-macros v1.8.0
[INFO] [stderr]    Compiling tracing-attributes v0.1.22
[INFO] [stderr]    Compiling enumflags2_derive v0.7.4
[INFO] [stderr]    Compiling serde_repr v0.1.9
[INFO] [stderr]    Compiling pest v2.3.1
[INFO] [stderr]     Checking enumflags2 v0.7.5
[INFO] [stderr]    Compiling phf_macros v0.8.0
[INFO] [stderr]     Checking diagnostics v0.1.0 (https://github.com/Brendonovich/prisma-engines?rev=06a1b97ff1ca597521ec9f3d10c1e274065f5e93#06a1b97f)
[INFO] [stderr]     Checking tracing v0.1.36
[INFO] [stderr]    Compiling pest_meta v2.3.1
[INFO] [stderr]    Compiling metrics-macros v0.5.1
[INFO] [stderr]    Compiling cssparser v0.27.2
[INFO] [stderr]    Compiling pest_generator v2.3.1
[INFO] [stderr]     Checking futures-executor v0.3.24
[INFO] [stderr]     Checking futures v0.3.24
[INFO] [stderr]    Compiling cssparser-macros v0.6.0
[INFO] [stderr]    Compiling pin-project-internal v1.0.12
[INFO] [stderr]    Compiling html5ever v0.25.2
[INFO] [stderr]     Checking mobc v0.7.3 (https://github.com/prisma/mobc?tag=1.0.5#d50fd5de)
[INFO] [stderr]    Compiling darling_macro v0.13.4
[INFO] [stderr]    Compiling pest_derive v2.3.1
[INFO] [stderr]    Compiling derive_more v0.99.17
[INFO] [stderr]     Checking schema-ast v0.1.0 (https://github.com/Brendonovich/prisma-engines?rev=06a1b97ff1ca597521ec9f3d10c1e274065f5e93#06a1b97f)
[INFO] [stderr]    Compiling darling v0.13.4
[INFO] [stderr]    Compiling user-facing-error-macros v0.1.0 (https://github.com/Brendonovich/prisma-engines?rev=06a1b97ff1ca597521ec9f3d10c1e274065f5e93#06a1b97f)
[INFO] [stderr]     Checking pin-project v1.0.12
[INFO] [stderr]    Compiling serde_with_macros v1.5.2
[INFO] [stderr]     Checking tokio-util v0.7.4
[INFO] [stderr]    Compiling phf v0.8.0
[INFO] [stderr]    Compiling semver-parser v0.10.2
[INFO] [stderr]    Compiling phf_macros v0.10.0
[INFO] [stderr]     Checking tracing-futures v0.2.5
[INFO] [stderr]    Compiling openssl-macros v0.1.0
[INFO] [stderr]    Compiling semver v0.11.0
[INFO] [stderr]     Checking want v0.3.0
[INFO] [stderr]    Compiling futf v0.1.5
[INFO] [stderr]     Checking http-body v0.4.5
[INFO] [stderr]     Checking url v2.3.1
[INFO] [stderr]     Checking uuid v0.8.2
[INFO] [stderr]     Checking chrono v0.4.22
[INFO] [stderr]     Checking bigdecimal v0.2.2
[INFO] [stderr]     Checking raw-cpuid v10.6.0
[INFO] [stderr]    Compiling dtoa v0.4.8
[INFO] [stderr]     Checking parser-database v0.1.0 (https://github.com/Brendonovich/prisma-engines?rev=06a1b97ff1ca597521ec9f3d10c1e274065f5e93#06a1b97f)
[INFO] [stderr]     Checking h2 v0.3.14
[INFO] [stderr]    Compiling toml v0.5.9
[INFO] [stderr]    Compiling utf-8 v0.7.6
[INFO] [stderr]     Checking rusqlite v0.25.4
[INFO] [stderr]    Compiling tinyvec_macros v0.1.0
[INFO] [stderr]    Compiling metrics v0.19.0
[INFO] [stderr]    Compiling tinyvec v1.6.0
[INFO] [stderr]     Checking quanta v0.9.3
[INFO] [stderr]    Compiling tendril v0.4.3
[INFO] [stderr]     Checking native-types v0.1.0 (https://github.com/Brendonovich/prisma-engines?rev=06a1b97ff1ca597521ec9f3d10c1e274065f5e93#06a1b97f)
[INFO] [stderr]     Checking prisma-value v0.1.0 (https://github.com/Brendonovich/prisma-engines?rev=06a1b97ff1ca597521ec9f3d10c1e274065f5e93#06a1b97f)
[INFO] [stderr]     Checking lsp-types v0.91.1
[INFO] [stderr]     Checking quaint v0.2.0-alpha.13 (https://github.com/prisma/quaint?rev=fb4fe90682b4fecb485fd0d6975dd15a3bc9616b#fb4fe906)
[INFO] [stderr]    Compiling string_cache v0.8.4
[INFO] [stderr]    Compiling system-deps v6.0.2
[INFO] [stderr]     Checking dml v0.1.0 (https://github.com/Brendonovich/prisma-engines?rev=06a1b97ff1ca597521ec9f3d10c1e274065f5e93#06a1b97f)
[INFO] [stderr]    Compiling proc-macro-crate v1.2.1
[INFO] [stderr]    Compiling system-deps v5.0.0
[INFO] [stderr]    Compiling dtoa-short v0.3.3
[INFO] [stderr]    Compiling glib-macros v0.15.11
[INFO] [stderr]    Compiling glib-sys v0.15.10
[INFO] [stderr]    Compiling gobject-sys v0.15.10
[INFO] [stderr]    Compiling gdk-sys v0.15.1
[INFO] [stderr]    Compiling gio-sys v0.15.10
[INFO] [stderr]    Compiling atk-sys v0.15.1
[INFO] [stderr]    Compiling pango-sys v0.15.10
[INFO] [stderr]    Compiling cairo-sys-rs v0.15.1
[INFO] [stderr]    Compiling gdk-pixbuf-sys v0.15.10
[INFO] [stderr]    Compiling gtk-sys v0.15.3
[INFO] [stderr]     Checking user-facing-errors v0.1.0 (https://github.com/Brendonovich/prisma-engines?rev=06a1b97ff1ca597521ec9f3d10c1e274065f5e93#06a1b97f)
[INFO] [stderr]    Compiling soup2-sys v0.2.0
[INFO] [stderr]     Checking hyper v0.14.20
[INFO] [stderr]    Compiling native-tls v0.2.10
[INFO] [stderr]     Checking flate2 v1.0.24
[INFO] [stderr]     Checking parking_lot v0.11.2
[INFO] [stderr]    Compiling rustc_version v0.3.3
[INFO] [stderr]    Compiling ctor v0.1.23
[INFO] [stderr]     Checking atomic-shim v0.2.0
[INFO] [stderr]    Compiling alloc-no-stdlib v2.0.4
[INFO] [stderr]    Compiling nodrop v0.1.14
[INFO] [stderr]     Checking sketches-ddsketch v0.1.3
[INFO] [stderr]    Compiling itoa v0.4.8
[INFO] [stderr]    Compiling ryu v1.0.11
[INFO] [stderr]    Compiling stable_deref_trait v1.2.0
[INFO] [stderr]    Compiling matches v0.1.9
[INFO] [stderr]    Compiling servo_arc v0.1.1
[INFO] [stderr]    Compiling alloc-stdlib v0.2.2
[INFO] [stderr]    Compiling field-offset v0.3.4
[INFO] [stderr]    Compiling unicode-normalization v0.1.22
[INFO] [stderr]     Checking glib v0.15.12
[INFO] [stderr]     Checking opentelemetry v0.17.0
[INFO] [stderr]    Compiling fxhash v0.2.1
[INFO] [stderr]     Checking bitmaps v2.1.0
[INFO] [stderr]     Checking ordered-float v2.10.0
[INFO] [stderr]     Checking nibble_vec v0.1.0
[INFO] [stderr]    Compiling im v15.1.0
[INFO] [stderr]    Compiling generic-array v0.14.6
[INFO] [stderr]    Compiling percent-encoding v2.2.0
[INFO] [stderr]    Compiling crossbeam-queue v0.3.6
[INFO] [stderr]    Compiling unicode-bidi v0.3.8
[INFO] [stderr]    Compiling thin-slice v0.1.1
[INFO] [stderr]     Checking endian-type v0.1.2
[INFO] [stderr]    Compiling semver v1.0.14
[INFO] [stderr]     Checking sized-chunks v0.6.5
[INFO] [stderr]     Checking radix_trie v0.2.1
[INFO] [stderr]    Compiling idna v0.3.0
[INFO] [stderr]    Compiling form_urlencoded v1.1.0
[INFO] [stderr]     Checking tracing-opentelemetry v0.17.4
[INFO] [stderr]     Checking metrics-util v0.13.0
[INFO] [stderr]    Compiling treediff v3.0.2
[INFO] [stderr]    Compiling brotli-decompressor v2.3.2
[INFO] [stderr]    Compiling javascriptcore-rs-sys v0.4.0
[INFO] [stderr]     Checking rand_xoshiro v0.6.0
[INFO] [stderr]    Compiling gtk v0.15.5
[INFO] [stderr]    Compiling same-file v1.0.6
[INFO] [stderr]     Checking ordermap v0.3.5
[INFO] [stderr]     Checking fixedbitset v0.1.9
[INFO] [stderr]    Compiling kuchiki v0.8.1
[INFO] [stderr]    Compiling walkdir v2.3.2
[INFO] [stderr]     Checking petgraph v0.4.13
[INFO] [stderr]    Compiling brotli v3.3.4
[INFO] [stderr]     Checking metrics-exporter-prometheus v0.10.0
[INFO] [stderr]    Compiling json-patch v0.2.6
[INFO] [stderr]     Checking datamodel-connector v0.1.0 (https://github.com/Brendonovich/prisma-engines?rev=06a1b97ff1ca597521ec9f3d10c1e274065f5e93#06a1b97f)
[INFO] [stderr]     Checking sql-datamodel-connector v0.1.0 (https://github.com/Brendonovich/prisma-engines?rev=06a1b97ff1ca597521ec9f3d10c1e274065f5e93#06a1b97f)
[INFO] [stderr]     Checking metrics-util v0.12.1
[INFO] [stderr]    Compiling webkit2gtk-sys v0.18.0
[INFO] [stderr]    Compiling gtk3-macros v0.15.4
[INFO] [stderr]    Compiling serde_with v1.14.0
[INFO] [stderr]    Compiling phf v0.10.1
[INFO] [stderr]     Checking serde_urlencoded v0.7.1
[INFO] [stderr]     Checking lru v0.7.8
[INFO] [stderr]    Compiling x11 v2.20.0
[INFO] [stderr]    Compiling num-iter v0.1.43
[INFO] [stderr]     Checking cty v0.2.2
[INFO] [stderr]    Compiling adler32 v1.2.0
[INFO] [stderr]     Checking prisma-models v0.0.0 (https://github.com/Brendonovich/prisma-engines?rev=06a1b97ff1ca597521ec9f3d10c1e274065f5e93#06a1b97f)
[INFO] [stderr]     Checking cairo-rs v0.15.12
[INFO] [stderr]     Checking pango v0.15.10
[INFO] [stderr]     Checking atk v0.15.1
[INFO] [stderr]     Checking schema v0.1.0 (https://github.com/Brendonovich/prisma-engines?rev=06a1b97ff1ca597521ec9f3d10c1e274065f5e93#06a1b97f)
[INFO] [stderr]     Checking schema-builder v0.1.0 (https://github.com/Brendonovich/prisma-engines?rev=06a1b97ff1ca597521ec9f3d10c1e274065f5e93#06a1b97f)
[INFO] [stderr]     Checking query-connector v0.1.0 (https://github.com/Brendonovich/prisma-engines?rev=06a1b97ff1ca597521ec9f3d10c1e274065f5e93#06a1b97f)
[INFO] [stderr]     Checking sql-query-connector v0.1.0 (https://github.com/Brendonovich/prisma-engines?rev=06a1b97ff1ca597521ec9f3d10c1e274065f5e93#06a1b97f)
[INFO] [stderr]    Compiling glob v0.3.0
[INFO] [stderr]    Compiling tauri-utils v1.1.1
[INFO] [stderr]     Checking dmmf v0.1.0 (https://github.com/Brendonovich/prisma-engines?rev=06a1b97ff1ca597521ec9f3d10c1e274065f5e93#06a1b97f)
[INFO] [stderr]     Checking raw-window-handle v0.5.0
[INFO] [stderr]    Compiling gdkx11-sys v0.15.1
[INFO] [stderr]    Compiling x11-dl v2.20.0
[INFO] [stderr]     Checking void v1.0.2
[INFO] [stderr]     Checking unreachable v1.0.0
[INFO] [stderr]    Compiling deflate v0.7.20
[INFO] [stderr]    Compiling inflate v0.3.4
[INFO] [stderr]     Checking block-buffer v0.9.0
[INFO] [stderr]     Checking digest v0.9.0
[INFO] [stderr]    Compiling crypto-common v0.1.6
[INFO] [stderr]    Compiling block-buffer v0.10.3
[INFO] [stderr]     Checking tracing-error v0.2.0
[INFO] [stderr]     Checking uuid v1.1.2
[INFO] [stderr]    Compiling libdbus-sys v0.2.2
[INFO] [stderr]     Checking cpufeatures v0.2.5
[INFO] [stderr]    Compiling tao v0.14.0
[INFO] [stderr]     Checking ascii v0.9.3
[INFO] [stderr]     Checking opaque-debug v0.3.0
[INFO] [stderr]     Checking sha2 v0.9.9
[INFO] [stderr]     Checking combine v3.8.1
[INFO] [stderr]    Compiling digest v0.10.5
[INFO] [stderr]    Compiling png v0.11.0
[INFO] [stderr]    Compiling json-rpc-api-build v0.1.0 (https://github.com/Brendonovich/prisma-engines?rev=06a1b97ff1ca597521ec9f3d10c1e274065f5e93#06a1b97f)
[INFO] [stderr]     Checking query-core v0.1.0 (https://github.com/Brendonovich/prisma-engines?rev=06a1b97ff1ca597521ec9f3d10c1e274065f5e93#06a1b97f)
[INFO] [stderr]     Checking javascriptcore-rs v0.16.0
[INFO] [stderr]     Checking tokio-native-tls v0.3.0
[INFO] [stderr]     Checking png v0.17.6
[INFO] [stderr]     Checking cfb v0.6.1
[INFO] [stderr]     Checking heck v0.4.0
[INFO] [stderr]    Compiling wry v0.21.1
[INFO] [stderr]    Compiling tauri-runtime v0.11.1
[INFO] [stderr]     Checking graphql-parser v0.3.0 (https://github.com/prisma/graphql-parser?rev=6a3f58bd879065588e710cb02b5bd30c1ce182c3#6a3f58bd)
[INFO] [stderr]    Compiling migration-core v0.1.0 (https://github.com/Brendonovich/prisma-engines?rev=06a1b97ff1ca597521ec9f3d10c1e274065f5e93#06a1b97f)
[INFO] [stderr]    Compiling sha2 v0.10.6
[INFO] [stderr]     Checking infer v0.7.0
[INFO] [stderr]     Checking hyper-tls v0.5.0
[INFO] [stderr]    Compiling ico v0.1.0
[INFO] [stderr]     Checking migration-connector v0.1.0 (https://github.com/Brendonovich/prisma-engines?rev=06a1b97ff1ca597521ec9f3d10c1e274065f5e93#06a1b97f)
[INFO] [stderr]     Checking sql-schema-describer v0.1.0 (https://github.com/Brendonovich/prisma-engines?rev=06a1b97ff1ca597521ec9f3d10c1e274065f5e93#06a1b97f)
[INFO] [stderr]    Compiling cargo_toml v0.11.7
[INFO] [stderr]     Checking dirs-sys v0.3.7
[INFO] [stderr]     Checking bstr v0.2.17
[INFO] [stderr]    Compiling tauri-runtime-wry v0.11.1
[INFO] [stderr]     Checking gdk-pixbuf v0.15.11
[INFO] [stderr]     Checking soup2 v0.2.1
[INFO] [stderr]     Checking sql-ddl v0.1.0 (https://github.com/Brendonovich/prisma-engines?rev=06a1b97ff1ca597521ec9f3d10c1e274065f5e93#06a1b97f)
[INFO] [stderr]    Compiling rfd v0.10.0
[INFO] [stderr]    Compiling base64 v0.13.0
[INFO] [stderr]     Checking http-range v0.1.5
[INFO] [stderr]     Checking reqwest v0.11.12
[INFO] [stderr]     Checking sql-migration-connector v0.1.0 (https://github.com/Brendonovich/prisma-engines?rev=06a1b97ff1ca597521ec9f3d10c1e274065f5e93#06a1b97f)
[INFO] [stderr]    Compiling tauri-codegen v1.1.1
[INFO] [stderr]     Checking globset v0.4.9
[INFO] [stderr]     Checking gdk v0.15.4
[INFO] [stderr]     Checking directories v4.0.1
[INFO] [stderr]    Compiling tauri-build v1.1.1
[INFO] [stderr]     Checking request-handlers v0.1.0 (https://github.com/Brendonovich/prisma-engines?rev=06a1b97ff1ca597521ec9f3d10c1e274065f5e93#06a1b97f)
[INFO] [stderr]     Checking dbus v0.9.6
[INFO] [stderr]     Checking psl v0.1.0 (https://github.com/Brendonovich/prisma-engines?rev=06a1b97ff1ca597521ec9f3d10c1e274065f5e93#06a1b97f)
[INFO] [stderr]     Checking jsonrpc-core v17.1.0
[INFO] [stderr]     Checking serde_path_to_error v0.1.8
[INFO] [stderr]    Compiling serialize-to-javascript-impl v0.1.1
[INFO] [stderr]     Checking xattr v0.2.3
[INFO] [stderr]     Checking dirs-sys-next v0.1.2
[INFO] [stderr]     Checking filetime v0.2.17
[INFO] [stderr]    Compiling tauri v1.1.1
[INFO] [stderr]     Checking pathdiff v0.2.1
[INFO] [stderr]     Checking fastrand v1.8.0
[INFO] [stderr]     Checking remove_dir_all v0.5.3
[INFO] [stderr]     Checking convert_case v0.5.0
[INFO] [stderr]     Checking tempfile v3.3.0
[INFO] [stderr]     Checking notify-rust v4.5.8
[INFO] [stderr]     Checking prisma-client-rust-sdk v0.6.1 (https://github.com/Brendonovich/prisma-client-rust?tag=0.6.2#21ef4510)
[INFO] [stderr]     Checking open v3.0.3
[INFO] [stderr]     Checking tar v0.4.38
[INFO] [stderr]     Checking dirs-next v2.0.0
[INFO] [stderr]     Checking serialize-to-javascript v0.1.1
[INFO] [stderr]     Checking ignore v0.4.18
[INFO] [stderr]     Checking attohttpc v0.22.0
[INFO] [stderr]     Checking serde-value v0.7.0
[INFO] [stderr]     Checking os_info v3.5.1
[INFO] [stderr]     Checking shared_child v1.0.0
[INFO] [stderr]     Checking os_pipe v1.0.1
[INFO] [stderr]     Checking state v0.5.3
[INFO] [stderr]     Checking prisma-client-rust-cli v0.6.1 (https://github.com/Brendonovich/prisma-client-rust?tag=0.6.2#21ef4510)
[INFO] [stderr]    Compiling tauri-macros v1.1.1
[INFO] [stderr]    Compiling rey v0.0.0 (/opt/rustwide/workdir/src-tauri)
[INFO] [stderr]     Checking prisma-client-rust v0.6.1 (https://github.com/Brendonovich/prisma-client-rust?tag=0.6.2#21ef4510)
[INFO] [stderr]     Checking prisma-cli v0.1.0 (/opt/rustwide/workdir/src-tauri/prisma)
[INFO] [stderr]     Checking webkit2gtk v0.18.0
[INFO] [stdout] error[E0583]: file not found for module `prisma`
[INFO] [stdout]  --> src-tauri/src/main.rs:6:1
[INFO] [stdout]   |
[INFO] [stdout] 6 | mod prisma;
[INFO] [stdout]   | ^^^^^^^^^^^
[INFO] [stdout]   |
[INFO] [stdout]   = help: to create the module `prisma`, create file "src-tauri/src/prisma.rs" or "src-tauri/src/prisma/mod.rs"
[INFO] [stdout] 
[INFO] [stdout] 
[INFO] [stdout] error[E0583]: file not found for module `prisma`
[INFO] [stdout]  --> src-tauri/src/main.rs:6:1
[INFO] [stdout]   |
[INFO] [stdout] 6 | mod prisma;
[INFO] [stdout]   | ^^^^^^^^^^^
[INFO] [stdout]   |
[INFO] [stdout]   = help: to create the module `prisma`, create file "src-tauri/src/prisma.rs" or "src-tauri/src/prisma/mod.rs"
[INFO] [stdout] 
[INFO] [stdout] 
[INFO] [stdout] error: proc macro panicked
[INFO] [stdout]   --> src-tauri/src/main.rs:27:14
[INFO] [stdout]    |
[INFO] [stdout] 27 |         .run(tauri::generate_context!())
[INFO] [stdout]    |              ^^^^^^^^^^^^^^^^^^^^^^^^^^
[INFO] [stdout]    |
[INFO] [stdout]    = help: message: The `distDir` configuration is set to `"../dist"` but this path doesn't exist
[INFO] [stdout] 
[INFO] [stdout] 
[INFO] [stdout] error: proc macro panicked
[INFO] [stdout]   --> src-tauri/src/main.rs:27:14
[INFO] [stdout]    |
[INFO] [stdout] 27 |         .run(tauri::generate_context!())
[INFO] [stdout]    |              ^^^^^^^^^^^^^^^^^^^^^^^^^^
[INFO] [stdout]    |
[INFO] [stdout]    = help: message: The `distDir` configuration is set to `"../dist"` but this path doesn't exist
[INFO] [stdout] 
[INFO] [stdout] 
[INFO] [stdout] error[E0432]: unresolved import `prisma::PrismaClient`
[INFO] [stdout]  --> src-tauri/src/main.rs:7:5
[INFO] [stdout]   |
[INFO] [stdout] 7 | use prisma::PrismaClient;
[INFO] [stdout]   |     ^^^^^^^^^^^^^^^^^^^^ no `PrismaClient` in `prisma`
[INFO] [stdout] 
[INFO] [stdout] 
[INFO] [stdout] error[E0425]: cannot find function `new_client` in module `prisma`
[INFO] [stdout]   --> src-tauri/src/main.rs:19:71
[INFO] [stdout]    |
[INFO] [stdout] 19 |     let client_result: Result<PrismaClient, NewClientError> = prisma::new_client().await;
[INFO] [stdout]    |                                                                       ^^^^^^^^^^ not found in `prisma`
[INFO] [stdout] 
[INFO] [stdout] 
[INFO] [stdout] error[E0432]: unresolved import `prisma::PrismaClient`
[INFO] [stdout]  --> src-tauri/src/main.rs:7:5
[INFO] [stdout]   |
[INFO] [stdout] 7 | use prisma::PrismaClient;
[INFO] [stdout]   |     ^^^^^^^^^^^^^^^^^^^^ no `PrismaClient` in `prisma`
[INFO] [stdout] 
[INFO] [stdout] 
[INFO] [stdout] error[E0425]: cannot find function `new_client` in module `prisma`
[INFO] [stdout]   --> src-tauri/src/main.rs:19:71
[INFO] [stdout]    |
[INFO] [stdout] 19 |     let client_result: Result<PrismaClient, NewClientError> = prisma::new_client().await;
[INFO] [stdout]    |                                                                       ^^^^^^^^^^ not found in `prisma`
[INFO] [stdout] 
[INFO] [stdout] 
[INFO] [stdout] error: aborting due to 4 previous errors
[INFO] [stdout] 
[INFO] [stdout] 
[INFO] [stdout] Some errors have detailed explanations: E0425, E0432, E0583.
[INFO] [stdout] 
[INFO] [stdout] For more information about an error, try `rustc --explain E0425`.
[INFO] [stdout] 
[INFO] [stdout] error: aborting due to 4 previous errors
[INFO] [stdout] 
[INFO] [stdout] 
[INFO] [stdout] Some errors have detailed explanations: E0425, E0432, E0583.
[INFO] [stdout] 
[INFO] [stdout] For more information about an error, try `rustc --explain E0425`.
[INFO] [stdout] 
[INFO] [stderr] error: could not compile `rey` (bin "rey") due to 5 previous errors
[INFO] [stderr] warning: build failed, waiting for other jobs to finish...
[INFO] [stderr] error: could not compile `rey` (bin "rey" test) due to 5 previous errors
[INFO] running `Command { std: "docker" "inspect" "092d586fbbcff8b74d80f2297415bbd3facb4528c822d42e4db92be1f03f6840", kill_on_drop: false }`
[INFO] running `Command { std: "docker" "rm" "-f" "092d586fbbcff8b74d80f2297415bbd3facb4528c822d42e4db92be1f03f6840", kill_on_drop: false }`
[INFO] [stdout] 092d586fbbcff8b74d80f2297415bbd3facb4528c822d42e4db92be1f03f6840
